1). Calculate the highest common factor of y and 10.
5
Suppose -5*g = -12 - 23. What is the highest common factor of g and 7?
7
Let u(a) = -a**2 - 9*a + 10. Let w be u(-7). Calculate the highest common divisor of 72 and w.
24
Suppose 2*n + 15 = 5*n. Suppose 2*m = -4*a - 8, -5*m - a - 20 = -n*a. Let i = m - -52. What is the greatest common divisor of 12 and i?
12
Let j = -71 + 106. Calculate the highest common divisor of j and 14.
7
Let l(k) = -k**3 + 2*k - 1. Let h be l(-2). Let b be h/3*-2*-1. Suppose 0 = -n - 2*d + 12, 7 - 17 = -b*d. What is the greatest common factor of 14 and n?
2
Suppose -84 = 4*r - 10*r. What is the greatest common factor of 21 and r?
7
Let n = 35 - 83. Let b be (1/2)/((-2)/n). Calculate the greatest common factor of 30 and b.
6
Suppose 4*t = -q - q - 22, -t - 7 = q. Let r(s) = -5*s - 3. Let l be r(q). Calculate the highest common divisor of l and 18.
6
Let w = -11 - -17. Suppose -3*s + 51 - w = 0. What is the highest common factor of 15 and s?
15
Let d(y) = -25*y**3 + y - 1. Let j be d(-2). Let p be j + (1 - (-3 - -1)). What is the highest common factor of 25 and p?
25
Let d(g) = 3*g**2 - 4*g + 6. Let l be d(3). Let u = l - -1. Calculate the highest common divisor of u and 2.
2
Suppose -m - 3*m = -8. Suppose 3 = -g, -2*n + 5*g = -15 + m. Let t(a) = -50*a**3 - a. Let o be t(n). Calculate the greatest common divisor of o and 17.
17
Suppose -28 = -5*b - 8. Suppose -150 + 230 = 4*y. What is the greatest common factor of b and y?
4
Let j = -147 - -153. What is the highest common divisor of j and 54?
6
Suppose -2*j - 3*h + 118 + 425 = 0, 0 = j - 5*h - 304. Calculate the highest common factor of j and 31.
31
Suppose -5*m - 2*d = -99 - 107, 136 = 3*m - 5*d. Let o = -19 - -36. Suppose r = 2*l - o, 0*l = -2*l - 5*r - 1. What is the highest common divisor of m and l?
7
Let i be (6/(-4))/((-1)/14). Let s = i + -12. Suppose 0 = 2*t - 2*g - 196, -2*g - 1 = -3. What is the highest common divisor of t and s?
9
Suppose -2*g = -2*i + 4*i - 36, 0 = 3*g - 3*i - 30. Calculate the greatest common divisor of g and 98.
14
Let w = -92 - -106. What is the highest common divisor of w and 2?
2
Let h(a) = a**2 + a - 4. Let t be 2 + (-3 - -1) + -4. Let c be h(t). Suppose 9 = 5*u - 1. What is the highest common factor of u and c?
2
Suppose -2*o + 59 - 3 = 0. Suppose -7 = 2*x - 21. Calculate the highest common factor of x and o.
7
Let k(b) = 13*b**2 + b - 4. Let v be k(-3). What is the highest common divisor of 10 and v?
10
Let i = -11 - -14. Suppose 4*u + 7 - 29 = i*k, 0 = -5*u + 2*k + 24. Calculate the greatest common factor of u and 6.
2
Let a(w) = -w**3 - 11*w**2 - 11*w + 5. Let p be a(-10). Calculate the greatest common divisor of 75 and p.
15
Let c(w) = 2*w**3 - 6*w**2 + 2*w - 1. Let p be c(4). Suppose 0 = 4*f - f - p. Let m = f - 2. Calculate the greatest common divisor of 11 and m.
11
Let z be (-40)/6*3/(-2). Calculate the highest common factor of z and 110.
10
Suppose -9 = 2*a + 15. Let k be ((-56)/a)/(4/6). What is the highest common divisor of 35 and k?
7
Let m be ((-8)/12)/(-2)*69. Calculate the greatest common factor of m and 23.
23
Let g be 30/(-4)*8/(-10). Let j = -9 - -21. Calculate the greatest common factor of j and g.
6
Let o(f) = 2*f - 3. Let z be o(7). What is the highest common factor of 11 and z?
11
Let b(u) = 3*u - 7. Let q be b(9). Let s = 2 + q. Calculate the highest common factor of s and 55.
11
Suppose 0 = 5*i + 5*m - 230, 0*i + 4*i + m - 190 = 0. Suppose 19 = j + 3. Calculate the greatest common factor of i and j.
16
Suppose 2*a = r - 5, 3*a + 5 + 4 = 2*r. Let n be -12*(1 + -1 + a). Calculate the highest common factor of n and 84.
12
Suppose 3*p + 2 - 20 = 0. Let g be ((-2)/(-4))/(-1)*0. Suppose -3*y + g + 6 = 0. What is the greatest common divisor of p and y?
2
Let g = 19 + 76. What is the highest common divisor of g and 19?
19
Let l be 2/7 + 4190/35. Suppose -5*r = -51 - 69. What is the greatest common factor of l and r?
24
Let g(c) = 2*c + 52. Let q be g(-24). What is the greatest common factor of q and 40?
4
Let u = -7 - -23. Let n be (-2)/(-3) - u/(-12). Suppose n*b + 64 = 6*b. Calculate the highest common divisor of b and 16.
16
Let f = 51 + -30. What is the highest common divisor of f and 21?
21
Let g(s) = s**2 - 3*s + 3*s + s**2 - 4*s. Let o be g(4). Calculate the greatest common divisor of o and 2.
2
Suppose -4*f - 2*k - 73 = -7*f, -5*f = 4*k - 151. What is the highest common divisor of f and 3?
3
Let h = 106 + -100. Calculate the greatest common factor of 2 and h.
2
Let o be 159 - (-2*3 + 3). Calculate the greatest common factor of o and 18.
18
Let c be (6/(-15))/((-1)/5). Suppose -3*q - 3*w = -117, q + 4*q = -c*w + 198. Calculate the highest common divisor of 60 and q.
20
Suppose -168 = -6*b + 4*b. What is the greatest common divisor of b and 21?
21
Let u(g) = g**3 + 4*g**2 - 2*g + 1. Let o be u(5). What is the highest common divisor of o and 24?
24
Let f(z) = 7*z + 1. Let n be 8/(-2) + (2 - 1). Let i be ((-1)/n)/(2/6). Let p be f(i). Calculate the highest common factor of p and 1.
1
Suppose -5*k = y - 212 - 68, -4*y = 0. Calculate the greatest common divisor of 16 and k.
8
Suppose 2*k - 2*d = -0*k + 44, -5*d = 2*k - 44. Let t(s) = -s**2 - 5*s - 4. Let o be t(-2). Calculate the greatest common divisor of k and o.
2
Suppose -3*d - 220 = -3*x + 2*d, -2*d - 335 = -5*x. Suppose 2*a - x = -3*a. Calculate the highest common factor of a and 104.
13
Suppose -2*h - 11 - 1 = 0. Let g be (-476)/h + 4/6. Calculate the greatest common factor of g and 16.
16
Let l(w) be the third derivative of 61*w**5/60 + w**4/24 - 2*w**2. Let t be l(-1). Let s be t + 1*0/(-2). Calculate the greatest common divisor of s and 15.
15
Let w(a) = 5*a - 2. Let p be w(1). Calculate the highest common factor of p and 27.
3
Suppose -5*y + 4*y + 65 = 0. Calculate the greatest common divisor of 26 and y.
13
Let q = -67 + 109. What is the highest common factor of 21 and q?
21
Let o(d) = d**3 - 5*d**2 + 5*d - 4. Let j be o(4). Suppose 7*f - 2*f = j. Let t be f/((-2)/(-1)) + 24. Calculate the greatest common factor of 36 and t.
12
Suppose 15 = -2*q - 197. Let w = q + 271. Calculate the greatest common divisor of 15 and w.
15
Suppose -2*t - 3*b + 216 = 0, 98 = 2*t + 2*b - 116. What is the highest common factor of t and 21?
21
Let k be (0 - (-1)/3)*273. Let o = k + -45. Suppose u + 5*n - 3*n = 18, -n = -2*u + o. What is the highest common divisor of 2 and u?
2
Suppose -4*y - 100 = -0*z + z, -4*z = 5*y + 136. Let u = 64 + y. Calculate the greatest common factor of u and 10.
10
Let c be (-2)/(-8) - (-81)/12. Suppose -3*o + 112 = -c*o. Let x be (o/(-10))/(6/15). What is the greatest common factor of x and 63?
7
Let q = -7 - 2. Let x = 1 - q. What is the greatest common divisor of x and 10?
10
Let j = -11 + 15. Suppose m + f = j*m - 2, -5*f - 24 = -m. Let c = m - -6. What is the highest common factor of 45 and c?
5
Let q be (0 - 1) + (-75)/(-3). Let y be 12*(4*4 - 2). What is the greatest common factor of y and q?
24
Suppose 303 = 8*l - 337. What is the greatest common factor of l and 10?
10
Suppose 0 = 2*q - 29 + 61. Suppose -z + 0*z + 27 = 0. Let n = z + q. What is the greatest common divisor of n and 99?
11
Let w(o) = -o**2 + 11*o. Let k be w(9). What is the highest common divisor of 6 and k?
6
Suppose 168 = 2*z - 42. Let j(r) = 3*r**2. Let g be j(1). Let s be 38 + 6/g - -2. What is the greatest common factor of z and s?
21
Let u(n) = 4*n**2 + 2*n - 7. Let g(q) = -7*q**2 - 4*q + 13. Let s(c) = 6*g(c) + 11*u(c). Let t be s(-2). Calculate the greatest common divisor of t and 13.
13
Let q(v) = -v**3 - 24*v**2 - 45*v - 9. Let o be q(-22). What is the greatest common divisor of o and 52?
13
Suppose g + 8 = 4*j - 9, 0 = g - 3*j + 12. Suppose 0 = -g*v - 21 - 6. Let d(b) = -b**2 - 9*b + 8. Let o be d(v). What is the highest common divisor of o and 64?
8
Suppose -4*v + 3*k = 0, -v + 5*k - 11 = 2*v. Calculate the highest common divisor of v and 9.
3
Suppose -s = -188 - 211. Suppose 4*l = -j + s, 4*j - 9 = j. Calculate the highest common divisor of 11 and l.
11
Let b(o) = o - 4. Let u be b(7). Suppose 1 + u = j. Suppose n - 3*c = c + 30, 0 = -j*n - 2*c + 48. Calculate the greatest common divisor of n and 56.
14
Suppose 2*y - 4*h + 44 = 5*y, -3*y + 28 = -4*h. What 